4
-102322002023
Convert 100110101000111000 (base 2) to base 3.
22001002122
-13e67 (base 15) to base 7
-354403
-134543 (base 9) to base 10
-82092
Convert 38130 (base 10) to base 14.
dc78
Convert 1413705 (base 8) to base 9.
667657
What is 47f16d (base 16) in base 14?
8aa35b
What is -1381813 (base 9) in base 10?
-762465
What is -5631412 (base 7) in base 14?
-141d42
Convert 20112211012000 (base 3) to base 2.
1101010001101100111101
569671 (base 11) to base 2
11011101001010011100
100101022120001 (base 3) to base 12
1805531
Convert 152bb0 (base 13) to base 12.
211266
Convert 88ff49 (base 16) to base 13.
1b24797
-2104404 (base 6) to base 14
-292cc
What is -24396 (base 11) in base 7?
-204154
Convert -443468 (base 10) to base 6.
-13301032
What is 31400003 (base 5) in base 9?
440070
-1212201011020 (base 3) to base 2
-11110011101011100011
-6707a (base 14) to base 11
-160762
-1a7d837 (base 14) to base 6
-1151115453
What is 1455435 (base 6) in base 3?
11100021012
What is -21122222110220 (base 3) in base 2?
-1111100010101000010000
212222222010022 (base 3) to base 6
1133210012
What is 2122211212 (base 3) in base 14?
15132
-1011011100001001000110 (base 2) to base 5
-1231430404
Convert -5122956 (base 11) to base 14.
-12b8b5c
303027 (base 8) to base 6
2050155
Convert -11236170 (base 8) to base 13.
-675994
What is 3961a (base 14) in base 2?
100010011101011000
What is 10110000101010100111011 (base 2) in base 16?
58553b
62277b (base 13) to base 12
92567b
What is 4e702 (base 16) in base 14?
8512a
Convert -1001100110001011110 (base 2) to base 15.
-63292
Convert -126820 (base 13) to base 12.
-194427
1000101101111011010 (base 2) to base 15
5998d
What is -1404c38 (base 13) in base 2?
-11000000111101010011100
What is -3cd9f (base 16) in base 9?
-418811
Convert -52432102 (base 7) to base 15.
-5c70c1
Convert -1533200 (base 6) to base 13.
-32052
9037 (base 16) to base 3
1212122101
270b3c (base 13) to base 4
3212210213
-14a72 (base 14) to base 4
-30203330
What is -158500 (base 9) in base 7?
-555660
Convert -3333112 (base 6) to base 13.
-5b547
-100011001110010 (base 2) to base 8
-43162
-315678 (base 13) to base 3
-2011122201200
What is -369525 (base 11) in base 16?
-8e7ba
Convert -5c27e (base 16) to base 6.
-12031314
Convert -4011002 (base 6) to base 4.
-231323222
-119c84 (base 14) to base 12
-251238
Convert -97917b (base 12) to base 7.
-26255225
211265042 (base 7) to base 6
1124205315
-8667c (base 13) to base 14
-6469d
Convert 111100021112111 (base 3) to base 16.
6c34ae
Convert 101111100011000 (base 2) to base 10.
24344
Convert 20125548 (base 9) to base 15.
ca6e38
Convert 24333303 (base 5) to base 15.
48438
What is 111202212200 (base 3) in base 7?
2206242
Convert 5037 (base 13) to base 5.
323111
What is -221111021102 (base 3) in base 7?
-4156556
What is -110011011100000011100 (base 2) in base 15?
-23463c
What is 413011 (base 5) in base 3?
200112020
Convert -21111322321 (base 4) to base 8.
-11257271
What is 1140202302 (base 5) in base 6?
133023523
-2222101122 (base 3) to base 2
-1110010011101111
Convert 6892350 (base 10) to base 5.
3231023400
What is 1464707 (base 9) in base 8?
3056775
What is 42110122 (base 6) in base 8?
4523042
358250 (base 11) to base 10
567303
What is -1562730 (base 9) in base 10?
-868104
What is -202122200 (base 3) in base 7?
-61620
What is 10102133 (base 5) in base 14?
21a07
-15d84e (base 16) to base 6
-50403530
151205 (base 14) to base 7
6142105
What is 50ee3 (base 16) in base 11?
207066
Convert -33351202 (base 6) to base 15.
-14e34e
What is -3009d5 (base 15) in base 14?
-435062
Convert -14220033 (base 6) to base 5.
-111002400
Convert -1aa9203 (base 11) to base 4.
-31200123201
Convert -34442045 (base 7) to base 4.
-23201000120
Convert -10201222010212 (base 3) to base 11.
-113814a
Convert 159606 (base 13) to base 12.
219663
What is 484a7 (base 12) in base 4?
113302333
What is -17151705 (base 8) in base 6?
-221235233
-162a76 (base 15) to base 11
-672650
63869 (base 13) to base 5
21220041
What is 1af896 (base 16) in base 13?
49b703
Convert -10011001001010101100010 (base 2) to base 11.
-2918918
-163b65 (base 12) to base 11
-23a62a
-88d9 (base 16) to base 15
-a5a8
a450 (base 12) to base 16
45fc
Convert -222340431 (base 5) to base 12.
-3b3685
-11031022201 (base 4) to base 5
-322132031
What is 10374c (base 16) in base 12?
433010
What is -1001110111011011010011 (base 2) in base 13?
-6c728c
-18a104 (base 11) to base 3
-112211000112
What is -100110101101110111010 (base 2) in base 7?
-13532510
1a490 (base 14) to base 6
1233034
What is 321a9 (base 12) in base 4?
100012101
Convert -c43b12 (base 16) to base 10.
-12860178
647156 (base 8) to base 14
58d78
What is -1001111000001111 (base 2) in base 8?
-117017
Convert 315641 (base 8) to base 11.
72198
Convert 162456 (base 8) to base 15.
125b5
1355622 (base 10) to base 9
2485506
Convert 2671624 (base 9) to base 14.
2a191a
6e50 (base 15) to base 14
87ab
What is -5dc01 (base 14) in base 8?
-701331
47642 (base 10) to base 16
ba1a
What is 21110210000000 (base 3) in base 12?
13b6460
Convert -113302232030 (base 4) to base 14.
-b84dac
Convert 93dd6 (base 14) to base 10.
356712
3980326 (base 10) to base 11
2279529
-41160a8 (base 11) to base 12
-2527248
Convert 1263634 (base 8) to base 13.
c52b6
What is 120321432 (base 6) in base 16?
2292bc
What is 9d100 (base 16) in base 9?
1180428
-23422342 (base 5) to base 11
-139225
Convert 49910a5 (base 11) to base 10.
8668918
Convert -4b242 (base 13) to base 5.
-13420203
What is -30113203100 (base 4) in base 16?
-3178d0
What is -11dd132 (base 14) in base 12?
-2a6a4a0
27443346 (base 9) to base 16
cec559
Convert 20201112100 (base 3) to base 2.
100000010011110000
What is -63606 (base 10) in base 6?
-1210250
Convert -811603 (base 9) to base 13.
-13a733
Convert 30012321010 (base 4) to base 15.
42a671
What is db34 (base 16) in base 5?
3243431
What is -7570a (base 15) in base 2?
-1011011000001100011
What is 19691b (base 12) in base 7?
3541424
Convert 252210 (base 11) to base 2.
1100001001110001110
Convert 7bc4c1 (base 13) to base 2.
1011001101111000000011
Convert -e6d1c7 (base 15) to base 6.
-1031154011
What is -596b50 (base 13) in base 11?
-122429a
-412670 (base 10) to base 11
-262055
What is -288086 (base 9) in base 16?
-2b170
1100111100110110 (base 2) to base 15
10ab6
Convert -20222220012002 (base 3) to base 13.
-a0242b
-3213111 (base 4) to base 8
-34725
What is 5153113 (base 6) in base 5?
30420404
-10c26d (base 15) to base 8
-3033254
Convert 531672 (base 8) to base 11.
111054
Convert -115771 (base 15) to base 14.
-177d48
-244221441 (base 5) to base 12
-481738
111000110000100 (base 2) to base 7
150503
Convert 201331020 (base 5) to base 16.
c5544
-675437 (base 9) to base 7
-3302332
Convert -a48a751 (base 11) to base 3.
-1021210110002121
What is 22115718 (base 9) in base 6?
1021150455
Convert -14524953 (base 10) to base 2.
-110111011010001000011001
What is 12312323112 (base 4) in base 7?
21165351
What is -110201022 (base 3) in base 15?
-2b2e
Convert -110000011001101001100 (base 2) to base 4.
-12003031030
What is -864d1b (base 14) in base 11?
-2625a57
14022431 (base 5) to base 14
39ba1
Convert 22176 (base 9) to base 5.
432410
Convert 123424341 (base 5) to base 15.
c029b
13220301 (base 5) to base 15
29436
What is -113023001102 (base 4) in base 10?
-6074450
-748771 (base 10) to base 12
-301397
What is -1a2a6 (base 14) in base 10?
-66394
Convert -325a62 (base 13) to base 15.
-185b21
Convert 132341122 (base 6) to base 15.
372a0e
-a6a620 (base 14) to base 13
-1224c38
-5a6d01 (base 15) to base 14
-8088d7
3387820 (base 9) to base 6
103114543
4556101 (base 8) to base 14
242641
What is 8c30 (base 14) in base 8?
57432
What is 493895 (base 10) in base 9?
832442
231000213 (base 4) to base 8
550047
-732267 (base 9) to base 14
-b45c7
Convert -105225 (base 6) to base 12.
-5215
15677a (base 12) to base 15
72ca7
-1085b50 (base 13) to base 16
-4d55ae
Convert 123325151 (base 6) to base 8.
11134173
What is -51054 (base 6) in base 2?
-1101001001010
What is -3341a6b (base 12) in base 9?
-20372212
406486 (base 12) to base 8
3655446
What is -524e (base 15) in base 16?
-43f7
What is 503675 (base 9) in base 11?
193977
What is 512512 (base 7) in base 6?
1512304
Convert 1111514405 (base 6) to base 14.
1878aa1
What is ce